 divisor of 2387426 and 38.
38
What is the highest common divisor of 39 and 41444?
13
Calculate the highest common divisor of 17153 and 272.
17
Calculate the highest common divisor of 3315 and 285.
15
What is the highest common divisor of 272 and 141304?
136
What is the greatest common divisor of 159990 and 6?
6
What is the highest common divisor of 1356560 and 7658?
1094
What is the highest common factor of 23068 and 7584?
316
What is the greatest common factor of 21824 and 258368?
704
What is the greatest common factor of 63 and 239232?
21
What is the highest common divisor of 248 and 46252?
124
Calculate the greatest common factor of 10775 and 175.
25
What is the highest common factor of 5632 and 920128?
704
What is the greatest common factor of 84 and 85092?
84
What is the highest common divisor of 36447 and 3?
3
What is the greatest common factor of 22 and 432982?
22
What is the greatest common divisor of 50809 and 298?
149
What is the highest common divisor of 20066 and 50?
2
What is the highest common factor of 352 and 13856?
32
Calculate the greatest common divisor of 1452 and 1140.
12
Calculate the highest common factor of 221656 and 114056.
2152
What is the highest common divisor of 7830 and 246210?
870
What is the highest common factor of 2524968 and 36?
36
Calculate the highest common divisor of 504 and 140280.
168
Calculate the greatest common factor of 6772 and 238.
2
What is the greatest common divisor of 15 and 4880?
5
Calculate the highest common divisor of 20 and 392010.
10
Calculate the greatest common divisor of 18007 and 11.
11
What is the greatest common divisor of 259 and 72705?
37
What is the greatest common divisor of 7014 and 1470?
42
Calculate the greatest common divisor of 2143140 and 2760.
1380
Calculate the highest common factor of 627 and 6061.
209
Calculate the greatest common divisor of 131 and 135323.
131
Calculate the highest common factor of 23 and 841.
1
Calculate the highest common factor of 14634 and 234.
18
What is the highest common factor of 125 and 67775?
25
What is the highest common factor of 885 and 14724630?
885
Calculate the greatest common divisor of 85273 and 269.
269
What is the greatest common divisor of 59571 and 9?
9
What is the greatest common divisor of 64240 and 660?
220
Calculate the highest common factor of 4736 and 53983.
37
Calculate the highest common divisor of 9570 and 879570.
870
Calculate the greatest common factor of 2362616 and 8.
8
What is the greatest common factor of 1486600 and 200?
200
What is the highest common divisor of 1233 and 1521?
9
What is the highest common divisor of 42250 and 78?
26
What is the greatest common factor of 817056 and 288?
288
What is the highest common factor of 1089 and 22627?
121
Calculate the highest common factor of 33930 and 1950.
390
What is the highest common factor of 47554 and 221?
13
What is the highest common factor of 3080 and 32?
8
Calculate the greatest common divisor of 536 and 548.
4
What is the greatest common divisor of 328 and 787774?
82
Calculate the highest common factor of 22360 and 728.
104
Calculate the highest common divisor of 14 and 98077.
7
Calculate the greatest common divisor of 2828 and 24556.
28
Calculate the greatest common factor of 1170 and 364390.
130
Calculate the highest common factor of 432363 and 19849.
863
What is the highest common factor of 12 and 74526?
6
What is the greatest common divisor of 89816 and 327?
109
What is the highest common divisor of 244267 and 493?
29
Calculate the greatest common divisor of 2235 and 1335.
15
What is the highest common factor of 425420 and 1434?
478
Calculate the highest common factor of 39536 and 224.
112
What is the highest common divisor of 52 and 5816?
4
What is the greatest common factor of 61 and 170251?
61
Calculate the highest common divisor of 2733126 and 22.
22
Calculate the highest common factor of 824 and 5038760.
824
What is the greatest common divisor of 91790 and 536?
134
Calculate the highest common divisor of 19389 and 11868.
69
What is the greatest common divisor of 2335197 and 657?
219
What is the greatest common divisor of 11605 and 605?
55
What is the greatest common factor of 114 and 66158?
38
What is the greatest common divisor of 6738984 and 36?
36
What is the greatest common divisor of 289910 and 15635?
265
What is the highest common factor of 11805 and 45?
15
What is the highest common divisor of 373 and 61545?
373
Calculate the greatest common divisor of 736 and 6394.
46
Calculate the greatest common factor of 1950 and 2174.
2
Calculate the highest common factor of 7 and 1118453.
7
What is the greatest common factor of 700 and 628180?
140
Calculate the highest common factor of 59661 and 14.
7
Calculate the greatest common divisor of 1199 and 28231.
109
What is the highest common factor of 35 and 109790?
5
What is the highest common factor of 59274 and 111?
111
What is the highest common factor of 17 and 2081718?
17
What is the greatest common factor of 236 and 39353?
59
Calculate the greatest common factor of 4648 and 42.
14
Calculate the highest common divisor of 1208510 and 10.
10
What is the greatest common divisor of 55 and 521477?
11
Calculate the greatest common factor of 245426 and 146.
146
Calculate the greatest common factor of 97200 and 800.
400
What is the greatest common divisor of 6056 and 1436?
4
Calculate the highest common factor of 1224 and 2363.
17
What is the highest common factor of 195820 and 20?
20
What is the greatest common factor of 215 and 122335?
215
Calculate the highest common factor of 13073215 and 305.
305
What is the greatest common divisor of 299523 and 9282?
357
What is the highest common divisor of 4255 and 21643?
23
Calculate the highest common factor of 708 and 3024.
12
Calculate the greatest common divisor of 18168479 and 721.
721
What is the greatest common divisor of 21 and 708729?
21
Calculate the greatest common factor of 29234 and 40430.
622
What is the highest common factor of 234 and 39702?
78
What is the greatest common divisor of 497 and 49061?
71
What is the highest common factor of 342 and 10782?
18
Calculate the greatest common factor of 54824 and 176.
88
What is the greatest common divisor of 95473 and 3703?
161
What is the greatest common factor of 289373 and 1876?
469
What is the greatest common divisor of 1054905 and 105?
15
Calculate the highest common divisor of 4472 and 988.
52
What is the greatest common divisor of 3165 and 650935?
1055
What is the greatest common divisor of 348 and 5772?
12
What is the greatest common factor of 8568 and 272?
136
Calculate the highest common divisor of 179280 and 520.
40
Calculate the highest common divisor of 17806 and 3074.
58
Calculate the greatest common divisor of 924 and 1758064.
308
Calculate the highest common divisor of 144126 and 75.
3
Calculate the highest common factor of 539 and 3421.
11
Calculate the highest common divisor of 19574730 and 90.
90
Calculate the highest common divisor of 36 and 99819.
9
Calculate the greatest common factor of 2783 and 68057.
253
Calculate the greatest common divisor of 792 and 38412.
396
Calculate the highest common factor of 39618 and 2046.
186
What is the greatest common divisor of 144 and 38512?
16
What is the highest common divisor of 43 and 45107?
43
Calculate the highest common divisor of 1449 and 1701.
63
What is the greatest common factor of 1302 and 404488?
434
Calculate the greatest common divisor of 3135 and 20625.
165
Calculate the highest common factor of 19232 and 2336.
32
What is the greatest common divisor of 15 and 296135?
5
What is the greatest common factor of 528989 and 333?
37
Calculate the greatest common factor of 27403 and 409.
409
Calculate the greatest common divisor of 75 and 34115.
5
Calculate the greatest common factor of 12356 and 4.
4
Calculate the highest common factor of 285725 and 50.
25
Calculate the greatest common factor of 1038 and 566402.
346
What is the greatest common divisor of 152 and 12552?
8
Calculate the greatest common factor of 644124 and 260.
52
What is the highest common factor of 931 and 864899?
931
What is the greatest common divisor of 512 and 1236?
4
Calculate the highest common factor of 264 and 6292242.
66
What is the greatest common divisor of 250 a